{"id":603,"date":"2025-04-08T11:10:19","date_gmt":"2025-04-08T17:10:19","guid":{"rendered":"http:\/\/web2.uqi.edu.mx\/?page_id=603"},"modified":"2026-03-23T19:52:00","modified_gmt":"2026-03-23T19:52:00","slug":"directorio-academico","status":"publish","type":"page","link":"https:\/\/uqi.edu.mx\/?page_id=603","title":{"rendered":"Directorio Acad\u00e9mico"},"content":{"rendered":"\n<h2 class=\"wp-block-heading has-custom-color-1-color has-text-color has-link-color has-xx-large-font-size wp-elements-b81495fba8b5a3785d05bc31b6955e20\">Directorio Acad\u00e9mico<\/h2>\n\n\n\n<div class=\"wp-block-group has-global-padding is-layout-constrained wp-container-core-group-is-layout-92b9201d wp-block-group-is-layout-constrained\">\n<p class=\"has-custom-color-1-color has-text-color has-link-color has-large-font-size wp-elements-49c31341c9f22bd8a802e50d9c8c1c16\">Dra. Virginia Aguilera Santoyo<\/p>\n\n\n\n<p class=\"has-custom-color-1-color has-text-color has-link-color has-small-font-size wp-elements-540296a927d90a7b9f3fec8992ff1788\">Secretaria General<\/p>\n\n\n\n<p class=\"has-custom-color-2-color has-text-color has-link-color has-medium-font-size wp-elements-e4f588ea069061b773633f4b0b52050e\">secretariageneral@uqi.edu.mx<\/p>\n\n\n\n<p><\/p>\n\n\n\n<div style=\"height:50px\" aria-hidden=\"true\" class=\"wp-block-spacer\"><\/div>\n\n\n\n<p><\/p>\n\n\n\n<p class=\"has-custom-color-1-color has-text-color has-link-color has-large-font-size wp-elements-879e777a2953e2a57ad27892f1da91a5\">Arq. Juan Leonardo Hern\u00e1ndez Lozoya <\/p>\n\n\n\n<p class=\"has-custom-color-1-color has-text-color has-link-color has-small-font-size wp-elements-0ea4a9c5d9e0358e029e49c3fe51bddc\">Director Desarrollo Acad\u00e9mico<\/p>\n\n\n\n<p class=\"has-custom-color-2-color has-text-color has-link-color has-medium-font-size wp-elements-ffc91991869573fe547d8ee763401cd4\">jlhernandez@uqi.edu.mx<\/p>\n\n\n\n<div style=\"height:50px\" aria-hidden=\"true\" class=\"wp-block-spacer\"><\/div>\n\n\n\n<p><\/p>\n\n\n\n<p><\/p>\n\n\n\n<p class=\"has-custom-color-1-color has-text-color has-link-color has-large-font-size wp-elements-6b5b40cd15f523a1766ec5a614b3612d\">Dr. Miguel \u00c1ngel V\u00e1zquez Guerrero <\/p>\n\n\n\n<p class=\"has-custom-color-1-color has-text-color has-link-color has-small-font-size wp-elements-3977accff76205febf48843e9d449c6c\">Director Escuela de Medicina<\/p>\n\n\n\n<p class=\"has-custom-color-2-color has-text-color has-link-color has-medium-font-size wp-elements-ff6b42b5df93109e31fd173381697c6b\"><a href=\"mailto:jperez@uqi.edu.mx\"><\/a>mavazquez@uqi.edu.mx<\/p>\n\n\n\n<p><\/p>\n<\/div>\n\n\n\n<div style=\"height:50px\" aria-hidden=\"true\" class=\"wp-block-spacer\"><\/div>\n\n\n\n<p><\/p>\n\n\n\n<div class=\"wp-block-group has-global-padding is-layout-constrained wp-container-core-group-is-layout-92b9201d wp-block-group-is-layout-constrained\">\n<p class=\"has-custom-color-1-color has-text-color has-link-color has-large-font-size wp-elements-f7c98f4861d0e40f7cda6acc294628f1\">Dr. Josu\u00e9 P\u00e9rez L\u00f3pez<\/p>\n\n\n\n<p class=\"has-custom-color-1-color has-text-color has-link-color has-small-font-size wp-elements-fc95b3385ca6443cac54d557d0ce1cdd\">Secretario Acad\u00e9mico de la Escuela de Medicina<\/p>\n\n\n\n<p class=\"has-custom-color-2-color has-text-color has-link-color has-medium-font-size wp-elements-baa140c38c1f60e6b08863df0a3996d3\">jperez@uqi.edu.mx<\/p>\n\n\n\n<div style=\"height:50px\" aria-hidden=\"true\" class=\"wp-block-spacer\"><\/div>\n\n\n\n<p><\/p>\n\n\n\n<p><\/p>\n\n\n\n<p class=\"has-custom-color-1-color has-text-color has-link-color has-large-font-size wp-elements-d691414f804e8f8023b12eb3ffec171e\">Dr. Carlos Francisco Gonz\u00e1lez Garc\u00eda<\/p>\n\n\n\n<p class=\"has-custom-color-1-color has-text-color has-link-color has-small-font-size wp-elements-4e1e02619f295b4dda9de376171cdad8\">Director de la Facultad de Odontolog\u00eda<\/p>\n\n\n\n<p class=\"has-custom-color-2-color has-text-color has-link-color has-medium-font-size wp-elements-8fd0102e2dc2cf4364a68738eb5b1163\">cfgonzalez@uqi.edu.mx<\/p>\n\n\n\n<div style=\"height:50px\" aria-hidden=\"true\" class=\"wp-block-spacer\"><\/div>\n\n\n\n<p><\/p>\n\n\n\n<p><\/p>\n\n\n\n<p class=\"has-custom-color-1-color has-text-color has-link-color has-large-font-size wp-elements-3e8920711106b2d45b12156b317491d3\">Dra. Ana Emilia Almanza Ram\u00edrez<\/p>\n\n\n\n<p class=\"has-custom-color-1-color has-text-color has-link-color has-small-font-size wp-elements-8c9a4eb428c325fbbb788704241c533a\">Secretaria Acad\u00e9mica de la Facultad de Odontolog\u00eda.<\/p>\n\n\n\n<p class=\"has-custom-color-2-color has-text-color has-link-color has-medium-font-size wp-elements-b4b4272d435f7564a5fc9983e342adb3\">aealmanza@uqi.edu.mx<\/p>\n\n\n\n<p><\/p>\n\n\n\n<div style=\"height:50px\" aria-hidden=\"true\" class=\"wp-block-spacer\"><\/div>\n\n\n\n<p><\/p>\n\n\n\n<p><\/p>\n\n\n\n<p class=\"has-custom-color-1-color has-text-color has-link-color has-large-font-size wp-elements-9e6dd7bf8edcb5a0a06a97d12f0a1572\">Mtra. Lilia Romero Blancarte<\/p>\n\n\n\n<p class=\"has-custom-color-1-color has-text-color has-link-color has-small-font-size wp-elements-c2af5081f0b07b6b980c9d2512d2c7b2\">Directora de Bachilleratos Tecnol\u00f3gicos<\/p>\n\n\n\n<p class=\"has-custom-color-2-color has-text-color has-link-color has-medium-font-size wp-elements-a1ba9b3dd2597337c20bc66d01e8cd77\">lromero@uqi.edu.mx<\/p>\n\n\n\n<p><\/p>\n\n\n\n<div style=\"height:50px\" aria-hidden=\"true\" class=\"wp-block-spacer\"><\/div>\n\n\n\n<p><\/p>\n\n\n\n<p class=\"has-custom-color-1-color has-text-color has-link-color has-large-font-size wp-elements-fc0705f42f948b063bdfcf825582b412\">Arq. Daniel Mendiola Amador<\/p>\n\n\n\n<p class=\"has-custom-color-1-color has-text-color has-link-color has-small-font-size wp-elements-74036ff02b5db7901d7cb44ce6780040\">Director de la Escuela de Arquitectura<\/p>\n\n\n\n<p class=\"has-custom-color-2-color has-text-color has-link-color has-medium-font-size wp-elements-282e2147db55278538c9ca50ee09dbb3\">dmendiola@uqi.edu.mx<\/p>\n\n\n\n<div style=\"height:50px\" aria-hidden=\"true\" class=\"wp-block-spacer\"><\/div>\n\n\n\n<p><\/p>\n\n\n\n<p class=\"has-custom-color-1-color has-text-color has-link-color has-large-font-size wp-elements-c6511363c55f522afc99f7593532a4d2\">Ing. Ra\u00fal Gerardo Zavala S\u00e1nchez<\/p>\n\n\n\n<p class=\"has-custom-color-1-color has-text-color has-link-color has-small-font-size wp-elements-3c152c2c2bc2e0983fe9592a0a5cd9b6\">Director de la Facultad de Ingenier\u00eda Civil.<\/p>\n\n\n\n<p class=\"has-custom-color-2-color has-text-color has-link-color has-medium-font-size wp-elements-0e18f4060f1ca770d8b16aaa381f8191\">rzavala@uqi.edu.mx<\/p>\n\n\n\n<div style=\"height:50px\" aria-hidden=\"true\" class=\"wp-block-spacer\"><\/div>\n\n\n\n<p><\/p>\n\n\n\n<p><\/p>\n\n\n\n<p class=\"has-custom-color-1-color has-text-color has-link-color has-large-font-size wp-elements-19917d79714b823088a343c5dbd47573\">Mtro. Jos\u00e9 de Jes\u00fas Cervera Ayala <\/p>\n\n\n\n<p class=\"has-custom-color-1-color has-text-color has-link-color has-small-font-size wp-elements-c083a52ddf1323b2d4b90bf0482fec80\">Director de la Facultad de Dise\u00f1o Gr\u00e1fico.<\/p>\n\n\n\n<p class=\"has-custom-color-2-color has-text-color has-link-color has-medium-font-size wp-elements-9d95d9916db2334d2cc0818999feca00\"><a href=\"mailto:rzavala@uqi.edu.mx\"><\/a>jjcervera@uqi.edu.mx<\/p>\n\n\n\n<div style=\"height:50px\" aria-hidden=\"true\" class=\"wp-block-spacer\"><\/div>\n\n\n\n<p><\/p>\n\n\n\n<p><\/p>\n\n\n\n<p class=\"has-custom-color-1-color has-text-color has-link-color has-large-font-size wp-elements-6fe4e0f7fcd89a8529bddc62dbf74618\">Lic. Nadia Ashantti Blancas Ortiz<\/p>\n\n\n\n<p class=\"has-custom-color-1-color has-text-color has-link-color has-small-font-size wp-elements-9b55d4f8d9fd37dae81549784c22c17d\">Directora de Ciencias de la Comunicaci\u00f3n<\/p>\n\n\n\n<p class=\"has-custom-color-2-color has-text-color has-link-color has-medium-font-size wp-elements-0bed01c1fcfb7900d989d30d7c379702\"><a href=\"mailto:nablancas@uqi.edu.mx\">nablancas@uqi.edu.mx<\/a>&nbsp;<\/p>\n\n\n\n<p><\/p>\n\n\n\n<div style=\"height:50px\" aria-hidden=\"true\" class=\"wp-block-spacer\"><\/div>\n\n\n\n<p><\/p>\n\n\n\n<p><\/p>\n\n\n\n<p class=\"has-custom-color-1-color has-text-color has-link-color has-large-font-size wp-elements-e62dabc67f5d90f217e3368523e6af85\">C.P. Miguel \u00c1ngel Solorzano Trujillo<\/p>\n\n\n\n<p class=\"has-custom-color-1-color has-text-color has-link-color has-small-font-size wp-elements-039845d3f44b2556ba757d29dd392576\">Director de la escuela de contabilidad y Administraci\u00f3n de empresas<\/p>\n\n\n\n<p class=\"has-custom-color-2-color has-text-color has-link-color has-medium-font-size wp-elements-46ebd321b6d7d34697d7da963ca32436\">masolorzano@uqi.edu.mx<\/p>\n\n\n\n<p><\/p>\n\n\n\n<div style=\"height:50px\" aria-hidden=\"true\" class=\"wp-block-spacer\"><\/div>\n\n\n\n<p><\/p>\n\n\n\n<p><\/p>\n\n\n\n<p class=\"has-custom-color-1-color has-text-color has-link-color has-large-font-size wp-elements-8280655bc3c08d535406e56c595acc54\">Mtra. Araceli Marmolejo Rivas<\/p>\n\n\n\n<p class=\"has-custom-color-1-color has-text-color has-link-color has-small-font-size wp-elements-96942db5c89ea105bf7752396e4cb056\">Directora de la Facultad de Derecho<\/p>\n\n\n\n<p class=\"has-custom-color-2-color has-text-color has-link-color has-medium-font-size wp-elements-e5a24136cd66ae72100f0f58a61e2b30\">amarmolejo@uqi.edu.mx<\/p>\n\n\n\n<p><\/p>\n\n\n\n<div style=\"height:50px\" aria-hidden=\"true\" class=\"wp-block-spacer\"><\/div>\n\n\n\n<p><\/p>\n\n\n\n<p><\/p>\n\n\n\n<p class=\"has-custom-color-1-color has-text-color has-link-color has-large-font-size wp-elements-7dcd38c70d7bed015bed9b9848a9ec7a\">Mtra. Rosa Mar\u00eda Gonz\u00e1lez L\u00f3pez<\/p>\n\n\n\n<p class=\"has-custom-color-1-color has-text-color has-link-color has-small-font-size wp-elements-bb101b824520f1b6b1b77cd453fa4685\">Directora de la Escuela de Psicolog\u00eda<\/p>\n\n\n\n<p class=\"has-custom-color-2-color has-text-color has-link-color has-medium-font-size wp-elements-6ce3cf2ef9f2402f0ecd43f92a4035cc\">rmgonzalez@uqi.edu.mx<\/p>\n<\/div>\n\n\n\n<p><\/p>\n\n\n\n<div style=\"height:50px\" aria-hidden=\"true\" class=\"wp-block-spacer\"><\/div>\n\n\n\n<p><\/p>\n\n\n\n<div class=\"wp-block-group has-global-padding is-layout-constrained wp-container-core-group-is-layout-92b9201d wp-block-group-is-layout-constrained\">\n<p><\/p>\n\n\n\n<p class=\"has-custom-color-1-color has-text-color has-link-color has-large-font-size wp-elements-1d2207885dcd3aa27c8c49480dd5eb7e\">Ing. V\u00edctor Eduardo Cuellar Medina<\/p>\n\n\n\n<p class=\"has-custom-color-1-color has-text-color has-link-color has-small-font-size wp-elements-23b535f0d120efcaf71c0b2ffaf1fae4\">Director de Ingenier\u00eda en Tecnolog\u00edas de la Informaci\u00f3n y Negocios<\/p>\n\n\n\n<p class=\"has-custom-color-2-color has-text-color has-link-color has-medium-font-size wp-elements-c808e535eb03feda74241ed7fd3b0b7d\">vecuellar@uqi.edu.mx<\/p>\n<\/div>\n\n\n\n<p>Secretaria Acad\u00e9mica d la Facultad de Odontolog\u00eda.<\/p>\n\n\n\n<div class=\"wp-block-group alignfull has-global-padding is-content-justification-center is-layout-constrained wp-container-core-group-is-layout-37b5710d wp-block-group-is-layout-constrained\" style=\"margin-top:0;margin-bottom:0;padding-top:var(--wp--preset--spacing--50);padding-bottom:var(--wp--preset--spacing--40)\">\n<div class=\"wp-block-group alignwide has-primary-color has-text-color has-link-color wp-elements-79ffa88fa369854a76c115765a050ef4 has-global-padding is-layout-constrained wp-block-group-is-layout-constrained\">\n<h2 class=\"wp-block-heading has-text-align-center\">Vis\u00edtanos<\/h2>\n\n\n\n<div class=\"wp-block-group has-global-padding is-layout-constrained wp-block-group-is-layout-constrained\">\n<div style=\"min-height:380px\" data-map-attr=\"\/qaddress\/q:\/qUniversidad Quetzalc\u00f3atl en Irapuato recibe el Distintivo de Integridad Acad\u00e9mica FIMPES Nivel 1\/q||\/qlat\/q:\/qundefined\/q||\/qlng\/q:\/qundefined\/q||\/qskin\/q:\/qstandard\/q||\/qzoom\/q:\/q16\/q||\/qiconSize\/q:\/q36\/q||\/qmapTypeControl\/q:\/qtrue\/q||\/qzoomControl\/q:\/qtrue\/q||\/qstreetViewControl\/q:\/qtrue\/q||\/qfullscreenControl\/q:\/qtrue\/q\" class=\"wp-block-coblocks-map alignwide coblocks-animate\" data-coblocks-animation=\"zoomIn\"><iframe title=\"Google Map\" frameborder=\"0\" style=\"width:100%;min-height:380px\" src=\"https:\/\/www.google.com\/maps?q=Universidad%20Quetzalc%C3%B3atl%20en%20Irapuato%20recibe%20el%20Distintivo%20de%20Integridad%20Acad%C3%A9mica%20FIMPES%20Nivel%201&amp;output=embed&amp;hl=es&amp;z=16\"><\/iframe><\/div>\n<\/div>\n\n\n\n<p class=\"has-text-align-center is-contact-address\">Blvd. Arandas #975 Fracc. Tabachines en Irapuato. Gto.<\/p>\n\n\n\n<ul class=\"wp-block-social-links has-large-icon-size is-style-logos-only is-content-justification-center is-layout-flex wp-container-core-social-links-is-layout-a89b3969 wp-block-social-links-is-layout-flex\"><li class=\"wp-social-link wp-social-link-facebook  wp-block-social-link\"><a href=\"#\" class=\"wp-block-social-link-anchor\"><svg width=\"24\" height=\"24\" viewBox=\"0 0 24 24\" version=\"1.1\" xmlns=\"http:\/\/www.w3.org\/2000\/svg\" aria-hidden=\"true\" focusable=\"false\"><path d=\"M12 2C6.5 2 2 6.5 2 12c0 5 3.7 9.1 8.4 9.9v-7H7.9V12h2.5V9.8c0-2.5 1.5-3.9 3.8-3.9 1.1 0 2.2.2 2.2.2v2.5h-1.3c-1.2 0-1.6.8-1.6 1.6V12h2.8l-.4 2.9h-2.3v7C18.3 21.1 22 17 22 12c0-5.5-4.5-10-10-10z\"><\/path><\/svg><span class=\"wp-block-social-link-label screen-reader-text\">Facebook<\/span><\/a><\/li>\n\n<li class=\"wp-social-link wp-social-link-instagram  wp-block-social-link\"><a href=\"#\" class=\"wp-block-social-link-anchor\"><svg width=\"24\" height=\"24\" viewBox=\"0 0 24 24\" version=\"1.1\" xmlns=\"http:\/\/www.w3.org\/2000\/svg\" aria-hidden=\"true\" focusable=\"false\"><path d=\"M12,4.622c2.403,0,2.688,0.009,3.637,0.052c0.877,0.04,1.354,0.187,1.671,0.31c0.42,0.163,0.72,0.358,1.035,0.673 c0.315,0.315,0.51,0.615,0.673,1.035c0.123,0.317,0.27,0.794,0.31,1.671c0.043,0.949,0.052,1.234,0.052,3.637 s-0.009,2.688-0.052,3.637c-0.04,0.877-0.187,1.354-0.31,1.671c-0.163,0.42-0.358,0.72-0.673,1.035 c-0.315,0.315-0.615,0.51-1.035,0.673c-0.317,0.123-0.794,0.27-1.671,0.31c-0.949,0.043-1.233,0.052-3.637,0.052 s-2.688-0.009-3.637-0.052c-0.877-0.04-1.354-0.187-1.671-0.31c-0.42-0.163-0.72-0.358-1.035-0.673 c-0.315-0.315-0.51-0.615-0.673-1.035c-0.123-0.317-0.27-0.794-0.31-1.671C4.631,14.688,4.622,14.403,4.622,12 s0.009-2.688,0.052-3.637c0.04-0.877,0.187-1.354,0.31-1.671c0.163-0.42,0.358-0.72,0.673-1.035 c0.315-0.315,0.615-0.51,1.035-0.673c0.317-0.123,0.794-0.27,1.671-0.31C9.312,4.631,9.597,4.622,12,4.622 M12,3 C9.556,3,9.249,3.01,8.289,3.054C7.331,3.098,6.677,3.25,6.105,3.472C5.513,3.702,5.011,4.01,4.511,4.511 c-0.5,0.5-0.808,1.002-1.038,1.594C3.25,6.677,3.098,7.331,3.054,8.289C3.01,9.249,3,9.556,3,12c0,2.444,0.01,2.751,0.054,3.711 c0.044,0.958,0.196,1.612,0.418,2.185c0.23,0.592,0.538,1.094,1.038,1.594c0.5,0.5,1.002,0.808,1.594,1.038 c0.572,0.222,1.227,0.375,2.185,0.418C9.249,20.99,9.556,21,12,21s2.751-0.01,3.711-0.054c0.958-0.044,1.612-0.196,2.185-0.418 c0.592-0.23,1.094-0.538,1.594-1.038c0.5-0.5,0.808-1.002,1.038-1.594c0.222-0.572,0.375-1.227,0.418-2.185 C20.99,14.751,21,14.444,21,12s-0.01-2.751-0.054-3.711c-0.044-0.958-0.196-1.612-0.418-2.185c-0.23-0.592-0.538-1.094-1.038-1.594 c-0.5-0.5-1.002-0.808-1.594-1.038c-0.572-0.222-1.227-0.375-2.185-0.418C14.751,3.01,14.444,3,12,3L12,3z M12,7.378 c-2.552,0-4.622,2.069-4.622,4.622S9.448,16.622,12,16.622s4.622-2.069,4.622-4.622S14.552,7.378,12,7.378z M12,15 c-1.657,0-3-1.343-3-3s1.343-3,3-3s3,1.343,3,3S13.657,15,12,15z M16.804,6.116c-0.596,0-1.08,0.484-1.08,1.08 s0.484,1.08,1.08,1.08c0.596,0,1.08-0.484,1.08-1.08S17.401,6.116,16.804,6.116z\"><\/path><\/svg><span class=\"wp-block-social-link-label screen-reader-text\">Instagram<\/span><\/a><\/li><\/ul>\n<\/div>\n<\/div>\n","protected":false},"excerpt":{"rendered":"<p>Directorio Acad\u00e9mico Dra. Virginia Aguilera Santoyo Secretaria General secretariageneral@uqi.edu.mx Arq. Juan Leonardo Hern\u00e1ndez Lozoya Director Desarrollo Acad\u00e9mico jlhernandez@uqi.edu.mx Dr. Miguel \u00c1ngel V\u00e1zquez Guerrero Director Escuela de Medicina mavazquez@uqi.edu.mx Dr. Josu\u00e9 P\u00e9rez L\u00f3pez Secretario Acad\u00e9mico de la Escuela de Medicina jperez@uqi.edu.mx Dr. Carlos Francisco Gonz\u00e1lez Garc\u00eda Director de la Facultad de Odontolog\u00eda cfgonzalez@uqi.edu.mx Dra. Ana Emilia [&hellip;]<\/p>\n","protected":false},"author":1,"featured_media":0,"parent":0,"menu_order":0,"comment_status":"closed","ping_status":"closed","template":"","meta":{"_coblocks_attr":"","_coblocks_dimensions":"","_coblocks_responsive_height":"","_coblocks_accordion_ie_support":"","footnotes":""},"class_list":["post-603","page","type-page","status-publish","hentry"],"_links":{"self":[{"href":"https:\/\/uqi.edu.mx\/index.php?rest_route=\/wp\/v2\/pages\/603","targetHints":{"allow":["GET"]}}],"collection":[{"href":"https:\/\/uqi.edu.mx\/index.php?rest_route=\/wp\/v2\/pages"}],"about":[{"href":"https:\/\/uqi.edu.mx\/index.php?rest_route=\/wp\/v2\/types\/page"}],"author":[{"embeddable":true,"href":"https:\/\/uqi.edu.mx\/index.php?rest_route=\/wp\/v2\/users\/1"}],"replies":[{"embeddable":true,"href":"https:\/\/uqi.edu.mx\/index.php?rest_route=%2Fwp%2Fv2%2Fcomments&post=603"}],"version-history":[{"count":17,"href":"https:\/\/uqi.edu.mx\/index.php?rest_route=\/wp\/v2\/pages\/603\/revisions"}],"predecessor-version":[{"id":1583,"href":"https:\/\/uqi.edu.mx\/index.php?rest_route=\/wp\/v2\/pages\/603\/revisions\/1583"}],"wp:attachment":[{"href":"https:\/\/uqi.edu.mx\/index.php?rest_route=%2Fwp%2Fv2%2Fmedia&parent=603"}],"curies":[{"name":"wp","href":"https:\/\/api.w.org\/{rel}","templated":true}]}}