{"id":305,"date":"2025-03-26T16:14:49","date_gmt":"2025-03-26T22:14:49","guid":{"rendered":"http:\/\/web2.uqi.edu.mx\/?page_id=305"},"modified":"2026-03-23T17:10:59","modified_gmt":"2026-03-23T17:10:59","slug":"trabajo-social-bachilleratos","status":"publish","type":"page","link":"https:\/\/uqi.edu.mx\/?page_id=305","title":{"rendered":"Trabajo Social Bachilleratos"},"content":{"rendered":"\n<div class=\"wp-block-group alignwide has-global-padding is-layout-constrained wp-container-core-group-is-layout-346627ba wp-block-group-is-layout-constrained\">\n<div class=\"wp-block-columns alignwide is-layout-flex wp-container-core-columns-is-layout-08c01c1c wp-block-columns-is-layout-flex\">\n<div class=\"wp-block-column is-layout-flow wp-block-column-is-layout-flow\" style=\"flex-basis:32.90938%\">\n<div class=\"wp-block-cover is-light has-custom-content-position is-position-bottom-center has-base-color has-text-color has-link-color wp-elements-cfb4ed482b6233379e1bb6de10ce582f wp-container-content-9cfa9a5a\" style=\"border-radius:28px;padding-top:var(--wp--preset--spacing--60);padding-right:var(--wp--preset--spacing--60);padding-bottom:var(--wp--preset--spacing--60);padding-left:var(--wp--preset--spacing--60);min-height:638px;aspect-ratio:unset;\"><img decoding=\"async\" class=\"wp-block-cover__image-background wp-image-306 size-large\" alt=\"\" src=\"http:\/\/uqi.edu.mx\/wp-content\/uploads\/2025\/03\/3-11.jpg?w=1024\" data-object-fit=\"cover\"\/><span aria-hidden=\"true\" class=\"wp-block-cover__background has-background-dim-0 has-background-dim has-background-gradient\" style=\"background-color:#c7c6c8;background:linear-gradient(180deg,rgba(0,0,0,0) 0%,rgb(0,0,0) 76%)\"><\/span><div class=\"wp-block-cover__inner-container is-layout-flow wp-block-cover-is-layout-flow\">\n<h2 class=\"wp-block-heading has-text-align-left has-xx-large-font-size\">PLAN DE ESTUDIOS<\/h2>\n\n\n\n<div class=\"wp-block-buttons is-layout-flex wp-block-buttons-is-layout-flex\">\n<div class=\"wp-block-button is-style-fill\"><a class=\"wp-block-button__link has-base-color has-text-color has-link-color wp-element-button\" href=\"http:\/\/uqi.edu.mx\/wp-content\/uploads\/2025\/03\/b-trabajo-social.pdf\">Leer m\u00e1s<\/a><\/div>\n<\/div>\n<\/div><\/div>\n<\/div>\n\n\n\n<div class=\"wp-block-column is-layout-flow wp-container-core-column-is-layout-119bc444 wp-block-column-is-layout-flow\" style=\"flex-basis:67.09062%\">\n<div class=\"wp-block-group has-base-color has-custom-color-1-background-color has-text-color has-background has-link-color wp-elements-1832dcdf332f1b0dca0497672e44acff is-vertical is-layout-flex wp-container-core-group-is-layout-80882bac wp-block-group-is-layout-flex\" style=\"border-radius:28px;padding-top:var(--wp--preset--spacing--60);padding-right:var(--wp--preset--spacing--60);padding-bottom:var(--wp--preset--spacing--60);padding-left:var(--wp--preset--spacing--60)\">\n<h2 class=\"wp-block-heading has-x-large-font-size\">BACHILLERATO EN TRABAJO SOCIAL<\/h2>\n\n\n\n<p class=\"has-text-align-justify\">El Bachillerato Tecnol\u00f3gico en Trabajo Social&nbsp; en nivel medio superior, tiene por objetivo formar t\u00e9cnicos en una preparaci\u00f3n que les permita continuar estudios a nivel licenciatura en el \u00e1rea econ\u00f3mico administrativa, as\u00ed como una formaci\u00f3n tecnol\u00f3gica que los capacite en la aplicaci\u00f3n de conocimientos te\u00f3ricos en trabajo social, permiti\u00e9ndoles organizar y proporcionar servicios asistenciales, prever problemas sociales orientando a grupos a la utilizaci\u00f3n de sus recursos para solucionarlos, participar en programas de desarrollo en centros de bienestar social, en la promoci\u00f3n de pol\u00edticas que lleven como prop\u00f3sitos un bienestar para el individuo y para la sociedad.<\/p>\n\n\n\n<p class=\"has-x-small-font-size\">Acuerdo 967152 S.E.P. D.G.E.T.I. 24 de enero de 1996<\/p>\n<\/div>\n<\/div>\n<\/div>\n\n\n\n<div class=\"wp-block-columns alignwide is-layout-flex wp-container-core-columns-is-layout-08c01c1c wp-block-columns-is-layout-flex\">\n<div class=\"wp-block-column is-layout-flow wp-container-core-column-is-layout-119bc444 wp-block-column-is-layout-flow\" style=\"flex-basis:67.09062%\">\n<div class=\"wp-block-group is-nowrap is-layout-flex wp-container-core-group-is-layout-6c531013 wp-block-group-is-layout-flex\">\n<div class=\"wp-block-group has-background-color has-text-color has-background has-global-padding is-layout-constrained wp-container-core-group-is-layout-d7952c80 wp-block-group-is-layout-constrained\" style=\"border-radius:28px;background-color:#f5a711;min-height:100%;padding-top:var(--wp--preset--spacing--60);padding-right:var(--wp--preset--spacing--60);padding-bottom:var(--wp--preset--spacing--60);padding-left:var(--wp--preset--spacing--60)\">\n<p><strong>Perfil de ingreso<\/strong><\/p>\n\n\n\n<p class=\"has-text-align-justify\" id=\"u35057-4\">Gusto por la investigaci\u00f3n social, Poseer estabilidad emocional, Inter\u00e9s por ayudar a sus semejantes, L\u00edder cr\u00edtico y reflexivo.<\/p>\n\n\n\n<p id=\"u35057-5\">&nbsp;<\/p>\n\n\n\n<p id=\"u35057-7\"><strong>Perfil de egreso<\/strong><\/p>\n\n\n\n<p class=\"has-text-align-justify\" id=\"u35057-9\">Al t\u00e9rmino de los estudios el alumno ser\u00e1 capaz de; participar en programas de desarrollo sustentable, trabajar colaborativamente en el \u00e1rea educativa, m\u00e9dica, jur\u00eddica, entre otras. Aplicar el trabajo social de casos, de grupos y de desarrollo comunitario y las relaciones humanas, Realizar investigaciones sociales.<\/p>\n\n\n\n<p id=\"u35057-10\">&nbsp;<\/p>\n\n\n\n<p id=\"u35057-12\"><strong>Campo laboral<\/strong><\/p>\n\n\n\n<p class=\"has-text-align-justify\">El Trabajador Social tiene gran oportunidad de empleo ya que puede desarrollarse en las instituciones de seguridad social, que atienden los problemas de salud, rehabilitaci\u00f3n, recreaci\u00f3n, y vivienda; puede colaborar en aquellos programas que tienen como objetivo, incrementar la educaci\u00f3n en \u00e1reas o sectores en donde no existen escuelas, o bien a personas que no tienen la oportunidad de asistir a un centro educativo.<\/p>\n<\/div>\n<\/div>\n<\/div>\n\n\n\n<div class=\"wp-block-column is-layout-flow wp-block-column-is-layout-flow\" style=\"flex-basis:32.90938%\">\n<figure class=\"wp-block-image size-large\"><img decoding=\"async\" src=\"http:\/\/uqi.edu.mx\/wp-content\/uploads\/2025\/03\/1-8.jpg?w=1024\" alt=\"\" class=\"wp-image-307\"\/><\/figure>\n\n\n\n<figure class=\"wp-block-image size-large\"><img decoding=\"async\" src=\"http:\/\/uqi.edu.mx\/wp-content\/uploads\/2025\/03\/3-12.jpg?w=1024\" alt=\"\" class=\"wp-image-308\"\/><\/figure>\n\n\n\n<figure class=\"wp-block-image size-large is-style-default\"><img decoding=\"async\" src=\"http:\/\/uqi.edu.mx\/wp-content\/uploads\/2025\/03\/2-8.jpg?w=1024\" alt=\"\" class=\"wp-image-309\"\/><\/figure>\n<\/div>\n<\/div>\n<\/div>\n","protected":false},"excerpt":{"rendered":"<p>BACHILLERATO EN TRABAJO SOCIAL El Bachillerato Tecnol\u00f3gico en Trabajo Social&nbsp; en nivel medio superior, tiene por objetivo formar t\u00e9cnicos en una preparaci\u00f3n que les permita continuar estudios a nivel licenciatura en el \u00e1rea econ\u00f3mico administrativa, as\u00ed como una formaci\u00f3n tecnol\u00f3gica que los capacite en la aplicaci\u00f3n de conocimientos te\u00f3ricos en trabajo social, permiti\u00e9ndoles organizar y [&hellip;]<\/p>\n","protected":false},"author":1,"featured_media":0,"parent":0,"menu_order":0,"comment_status":"closed","ping_status":"closed","template":"","meta":{"_coblocks_attr":"","_coblocks_dimensions":"","_coblocks_responsive_height":"","_coblocks_accordion_ie_support":"","footnotes":""},"class_list":["post-305","page","type-page","status-publish","hentry"],"_links":{"self":[{"href":"https:\/\/uqi.edu.mx\/index.php?rest_route=\/wp\/v2\/pages\/305","targetHints":{"allow":["GET"]}}],"collection":[{"href":"https:\/\/uqi.edu.mx\/index.php?rest_route=\/wp\/v2\/pages"}],"about":[{"href":"https:\/\/uqi.edu.mx\/index.php?rest_route=\/wp\/v2\/types\/page"}],"author":[{"embeddable":true,"href":"https:\/\/uqi.edu.mx\/index.php?rest_route=\/wp\/v2\/users\/1"}],"replies":[{"embeddable":true,"href":"https:\/\/uqi.edu.mx\/index.php?rest_route=%2Fwp%2Fv2%2Fcomments&post=305"}],"version-history":[{"count":1,"href":"https:\/\/uqi.edu.mx\/index.php?rest_route=\/wp\/v2\/pages\/305\/revisions"}],"predecessor-version":[{"id":1581,"href":"https:\/\/uqi.edu.mx\/index.php?rest_route=\/wp\/v2\/pages\/305\/revisions\/1581"}],"wp:attachment":[{"href":"https:\/\/uqi.edu.mx\/index.php?rest_route=%2Fwp%2Fv2%2Fmedia&parent=305"}],"curies":[{"name":"wp","href":"https:\/\/api.w.org\/{rel}","templated":true}]}}

<div class="wp-block-group alignwide has-global-padding is-layout-constrained wp-container-core-group-is-layout-346627ba wp-block-group-is-layout-constrained">
<div class="wp-block-columns alignwide is-layout-flex wp-container-core-columns-is-layout-08c01c1c wp-block-columns-is-layout-flex">
<div class="wp-block-column is-layout-flow wp-block-column-is-layout-flow" style="flex-basis:32.90938%">
<div class="wp-block-cover is-light has-custom-content-position is-position-bottom-center has-base-color has-text-color has-link-color wp-elements-cfb4ed482b6233379e1bb6de10ce582f wp-container-content-9cfa9a5a" style="border-radius:28px;padding-top:var(--wp--preset--spacing--60);padding-right:var(--wp--preset--spacing--60);padding-bottom:var(--wp--preset--spacing--60);padding-left:var(--wp--preset--spacing--60);min-height:638px;aspect-ratio:unset;"><img decoding="async" class="wp-block-cover__image-background wp-image-306 size-large" alt="" src="http://uqi.edu.mx/wp-content/uploads/2025/03/3-11.jpg?w=1024" data-object-fit="cover"/><span aria-hidden="true" class="wp-block-cover__background has-background-dim-0 has-background-dim has-background-gradient" style="background-color:#c7c6c8;background:linear-gradient(180deg,rgba(0,0,0,0) 0%,rgb(0,0,0) 76%)"></span><div class="wp-block-cover__inner-container is-layout-flow wp-block-cover-is-layout-flow">
<h2 class="wp-block-heading has-text-align-left has-xx-large-font-size">PLAN DE ESTUDIOS</h2>



<div class="wp-block-buttons is-layout-flex wp-block-buttons-is-layout-flex">
<div class="wp-block-button is-style-fill"><a class="wp-block-button__link has-base-color has-text-color has-link-color wp-element-button" href="http://uqi.edu.mx/wp-content/uploads/2025/03/b-trabajo-social.pdf">Leer más</a></div>
</div>
</div></div>
</div>



<div class="wp-block-column is-layout-flow wp-container-core-column-is-layout-119bc444 wp-block-column-is-layout-flow" style="flex-basis:67.09062%">
<div class="wp-block-group has-base-color has-custom-color-1-background-color has-text-color has-background has-link-color wp-elements-1832dcdf332f1b0dca0497672e44acff is-vertical is-layout-flex wp-container-core-group-is-layout-80882bac wp-block-group-is-layout-flex" style="border-radius:28px;padding-top:var(--wp--preset--spacing--60);padding-right:var(--wp--preset--spacing--60);padding-bottom:var(--wp--preset--spacing--60);padding-left:var(--wp--preset--spacing--60)">
<h2 class="wp-block-heading has-x-large-font-size">BACHILLERATO EN TRABAJO SOCIAL</h2>



<p class="has-text-align-justify">El Bachillerato Tecnológico en Trabajo Social&nbsp; en nivel medio superior, tiene por objetivo formar técnicos en una preparación que les permita continuar estudios a nivel licenciatura en el área económico administrativa, así como una formación tecnológica que los capacite en la aplicación de conocimientos teóricos en trabajo social, permitiéndoles organizar y proporcionar servicios asistenciales, prever problemas sociales orientando a grupos a la utilización de sus recursos para solucionarlos, participar en programas de desarrollo en centros de bienestar social, en la promoción de políticas que lleven como propósitos un bienestar para el individuo y para la sociedad.</p>



<p class="has-x-small-font-size">Acuerdo 967152 S.E.P. D.G.E.T.I. 24 de enero de 1996</p>
</div>
</div>
</div>



<div class="wp-block-columns alignwide is-layout-flex wp-container-core-columns-is-layout-08c01c1c wp-block-columns-is-layout-flex">
<div class="wp-block-column is-layout-flow wp-container-core-column-is-layout-119bc444 wp-block-column-is-layout-flow" style="flex-basis:67.09062%">
<div class="wp-block-group is-nowrap is-layout-flex wp-container-core-group-is-layout-6c531013 wp-block-group-is-layout-flex">
<div class="wp-block-group has-background-color has-text-color has-background has-global-padding is-layout-constrained wp-container-core-group-is-layout-d7952c80 wp-block-group-is-layout-constrained" style="border-radius:28px;background-color:#f5a711;min-height:100%;padding-top:var(--wp--preset--spacing--60);padding-right:var(--wp--preset--spacing--60);padding-bottom:var(--wp--preset--spacing--60);padding-left:var(--wp--preset--spacing--60)">
<p><strong>Perfil de ingreso</strong></p>



<p class="has-text-align-justify" id="u35057-4">Gusto por la investigación social, Poseer estabilidad emocional, Interés por ayudar a sus semejantes, Líder crítico y reflexivo.</p>



<p id="u35057-5">&nbsp;</p>



<p id="u35057-7"><strong>Perfil de egreso</strong></p>



<p class="has-text-align-justify" id="u35057-9">Al término de los estudios el alumno será capaz de; participar en programas de desarrollo sustentable, trabajar colaborativamente en el área educativa, médica, jurídica, entre otras. Aplicar el trabajo social de casos, de grupos y de desarrollo comunitario y las relaciones humanas, Realizar investigaciones sociales.</p>



<p id="u35057-10">&nbsp;</p>



<p id="u35057-12"><strong>Campo laboral</strong></p>



<p class="has-text-align-justify">El Trabajador Social tiene gran oportunidad de empleo ya que puede desarrollarse en las instituciones de seguridad social, que atienden los problemas de salud, rehabilitación, recreación, y vivienda; puede colaborar en aquellos programas que tienen como objetivo, incrementar la educación en áreas o sectores en donde no existen escuelas, o bien a personas que no tienen la oportunidad de asistir a un centro educativo.</p>
</div>
</div>
</div>



<div class="wp-block-column is-layout-flow wp-block-column-is-layout-flow" style="flex-basis:32.90938%">
<figure class="wp-block-image size-large"><img decoding="async" src="http://uqi.edu.mx/wp-content/uploads/2025/03/1-8.jpg?w=1024" alt="" class="wp-image-307"/></figure>



<figure class="wp-block-image size-large"><img decoding="async" src="http://uqi.edu.mx/wp-content/uploads/2025/03/3-12.jpg?w=1024" alt="" class="wp-image-308"/></figure>



<figure class="wp-block-image size-large is-style-default"><img decoding="async" src="http://uqi.edu.mx/wp-content/uploads/2025/03/2-8.jpg?w=1024" alt="" class="wp-image-309"/></figure>
</div>
</div>
</div>

<p>BACHILLERATO EN TRABAJO SOCIAL El Bachillerato Tecnológico en Trabajo Social&nbsp; en nivel medio superior, tiene por objetivo formar técnicos en una preparación que les permita continuar estudios a nivel licenciatura en el área económico administrativa, así como una formación tecnológica que los capacite en la aplicación de conocimientos teóricos en trabajo social, permitiéndoles organizar y [&hellip;]</p>
