{"id":180,"date":"2025-03-18T15:52:19","date_gmt":"2025-03-18T21:52:19","guid":{"rendered":"http:\/\/web2.uqi.edu.mx\/?page_id=180"},"modified":"2026-02-26T16:36:40","modified_gmt":"2026-02-26T16:36:40","slug":"180-2","status":"publish","type":"page","link":"https:\/\/uqi.edu.mx\/?page_id=180","title":{"rendered":"Descargables"},"content":{"rendered":"\n<h2 class=\"wp-block-heading has-custom-color-1-color has-text-color has-link-color has-xx-large-font-size wp-elements-dfe8fa0256cb609c27ec402aeadb9626\"><strong>DESCARGABLES<\/strong><\/h2>\n\n\n\n<p class=\"has-text-color has-link-color has-small-font-size wp-elements-5124b6e9fecfdc6964429b467192e474\" style=\"color:#000000\">Aqu\u00ed podr\u00e1s encontrar los archivos que podr\u00edas necesitar durante tu estancia estudiantil en Universidad Quetzalc\u00f3atl. Por favor, usa estos archivos con responsabilidad.<\/p>\n\n\n\n<div class=\"wp-block-buttons is-layout-flex wp-block-buttons-is-layout-flex\">\n<div class=\"wp-block-button\"><a class=\"wp-block-button__link wp-element-button\" href=\"https:\/\/uqi.edu.mx\/wp-content\/uploads\/2025\/08\/BECAS-_2026-1.zip\">Solicitud de Beca<\/a><\/div>\n<\/div>\n\n\n\n<div class=\"wp-block-buttons is-layout-flex wp-block-buttons-is-layout-flex\">\n<div class=\"wp-block-button\"><a class=\"wp-block-button__link wp-element-button\" href=\"https:\/\/uqi.edu.mx\/wp-content\/uploads\/2025\/11\/Reglamento-Escolar-UQI-Austorizado-en-Septiembre-2025.pdf\">Reglamento Institucional<\/a><\/div>\n<\/div>\n\n\n\n<div class=\"wp-block-buttons is-layout-flex wp-block-buttons-is-layout-flex\">\n<div class=\"wp-block-button\"><a class=\"wp-block-button__link wp-element-button\" href=\"https:\/\/uqi.edu.mx\/wp-content\/uploads\/2025\/06\/UQI-SEAES-2024-v2.pdf\">Resultados de Autoestudio SEAES 2024 <\/a><\/div>\n<\/div>\n\n\n\n<h2 class=\"wp-block-heading has-custom-color-1-color has-text-color has-link-color has-xx-large-font-size wp-elements-9d13b5e93d2f4f449b5da7b8c73830d5\">CALENDARIOS<\/h2>\n\n\n\n<div class=\"wp-block-buttons is-layout-flex wp-block-buttons-is-layout-flex\">\n<div class=\"wp-block-button\"><a class=\"wp-block-button__link wp-element-button\" href=\"https:\/\/uqi.edu.mx\/wp-content\/uploads\/2025\/08\/BACHILLERATOS-26-scaled.jpg\">Bachillerato<\/a><\/div>\n<\/div>\n\n\n\n<div class=\"wp-block-buttons is-layout-flex wp-block-buttons-is-layout-flex\">\n<div class=\"wp-block-button\"><a class=\"wp-block-button__link wp-element-button\" href=\"https:\/\/uqi.edu.mx\/wp-content\/uploads\/2025\/08\/servicio-social-PREPA.zip\">Servicio Social Prepa UQI<\/a><\/div>\n<\/div>\n\n\n\n<div class=\"wp-block-buttons is-layout-flex wp-block-buttons-is-layout-flex\">\n<div class=\"wp-block-button\"><a class=\"wp-block-button__link wp-element-button\" href=\"https:\/\/uqi.edu.mx\/wp-content\/uploads\/2026\/02\/SEMESTRAL-2026-scaled.jpg\">Licenciaturas Semestrales<\/a><\/div>\n<\/div>\n\n\n\n<div class=\"wp-block-buttons is-layout-flex wp-block-buttons-is-layout-flex\">\n<div class=\"wp-block-button\"><a class=\"wp-block-button__link wp-element-button\" href=\"https:\/\/uqi.edu.mx\/wp-content\/uploads\/2025\/12\/cuatrimestral-2-scaled.jpeg\">Licenciaturas Cuatrimestrales<\/a><\/div>\n<\/div>\n\n\n\n<div class=\"wp-block-buttons is-layout-flex wp-block-buttons-is-layout-flex\">\n<div class=\"wp-block-button\"><a class=\"wp-block-button__link wp-element-button\" href=\"https:\/\/uqi.edu.mx\/wp-content\/uploads\/2025\/12\/psicologia-2-scaled.jpg\">Licenciatura Psicolog\u00eda<\/a><\/div>\n<\/div>\n\n\n\n<div class=\"wp-block-buttons is-layout-flex wp-block-buttons-is-layout-flex\">\n<div class=\"wp-block-button\"><a class=\"wp-block-button__link wp-element-button\" href=\"https:\/\/uqi.edu.mx\/wp-content\/uploads\/2025\/12\/salud-2-scaled.jpg\">Licenciatura en Medicina \/ Odontolog\u00eda<\/a><\/div>\n<\/div>\n\n\n\n<div class=\"wp-block-buttons is-layout-flex wp-block-buttons-is-layout-flex\">\n<div class=\"wp-block-button\"><a class=\"wp-block-button__link wp-element-button\" href=\"https:\/\/uqi.edu.mx\/wp-content\/uploads\/2025\/12\/ingles-2-scaled.jpg\">Calendario Idiomas<\/a><\/div>\n<\/div>\n\n\n\n<div class=\"wp-block-buttons is-layout-flex wp-block-buttons-is-layout-flex\">\n<div class=\"wp-block-button\"><a class=\"wp-block-button__link wp-element-button\" href=\"https:\/\/uqi.edu.mx\/wp-content\/uploads\/2025\/12\/posgrados-2-scaled.jpg\">Posgrados Generales<\/a><\/div>\n<\/div>\n\n\n\n<div class=\"wp-block-buttons is-layout-flex wp-block-buttons-is-layout-flex\">\n<div class=\"wp-block-button\"><a class=\"wp-block-button__link wp-element-button\">Posgrado: Periodoncia<\/a><\/div>\n<\/div>\n\n\n\n<div class=\"wp-block-buttons is-layout-flex wp-block-buttons-is-layout-flex\">\n<div class=\"wp-block-button\"><a class=\"wp-block-button__link wp-element-button\" href=\"https:\/\/uqi.edu.mx\/wp-content\/uploads\/2025\/12\/endodoncia-2-scaled.jpg\">Posgrado: Endodoncia<\/a><\/div>\n<\/div>\n\n\n\n<h2 class=\"wp-block-heading has-custom-color-1-color has-text-color has-link-color wp-elements-a9887a81e8ff208c9ef7b4ef6fb01c71\">UNIVERSIDAD<\/h2>\n\n\n\n<div class=\"wp-block-buttons is-layout-flex wp-block-buttons-is-layout-flex\">\n<div class=\"wp-block-button\"><a class=\"wp-block-button__link wp-element-button\">Formato Caso Cl\u00ednico Odontolog\u00eda<\/a><\/div>\n<\/div>\n\n\n\n<div class=\"wp-block-buttons is-layout-flex wp-block-buttons-is-layout-flex\">\n<div class=\"wp-block-button\"><a class=\"wp-block-button__link wp-element-button\">Formato Titulaci\u00f3n<\/a><\/div>\n<\/div>\n\n\n\n<div class=\"wp-block-buttons is-layout-flex wp-block-buttons-is-layout-flex\">\n<div class=\"wp-block-button\"><a class=\"wp-block-button__link wp-element-button\" href=\"http:\/\/uqi.edu.mx\/wp-content\/uploads\/2025\/03\/biblioteca.pdf\">Biblioteca Virtual<\/a><\/div>\n<\/div>\n\n\n\n<p><\/p>\n\n\n\n<h2 class=\"wp-block-heading has-custom-color-1-color has-text-color has-link-color wp-elements-2f376a8463f137bb3071d756bc65b7e4\">POSGRADOS<\/h2>\n\n\n\n<div class=\"wp-block-buttons is-layout-flex wp-block-buttons-is-layout-flex\">\n<div class=\"wp-block-button\"><a class=\"wp-block-button__link wp-element-button\">Formato Titulaci\u00f3n: Especialidades<\/a><\/div>\n<\/div>\n\n\n\n<div class=\"wp-block-buttons is-layout-flex wp-block-buttons-is-layout-flex\">\n<div class=\"wp-block-button\"><a class=\"wp-block-button__link wp-element-button\" href=\"https:\/\/uqi.edu.mx\/wp-content\/uploads\/2025\/08\/POGRADOS_26-1-scaled.jpg\">Formato Titulaci\u00f3n Maestr\u00edas<\/a><\/div>\n<\/div>\n\n\n\n<p><\/p>\n","protected":false},"excerpt":{"rendered":"<p>DESCARGABLES Aqu\u00ed podr\u00e1s encontrar los archivos que podr\u00edas necesitar durante tu estancia estudiantil en Universidad Quetzalc\u00f3atl. Por favor, usa estos archivos con responsabilidad. CALENDARIOS UNIVERSIDAD POSGRADOS<\/p>\n","protected":false},"author":1,"featured_media":0,"parent":0,"menu_order":0,"comment_status":"closed","ping_status":"closed","template":"","meta":{"_coblocks_attr":"","_coblocks_dimensions":"","_coblocks_responsive_height":"","_coblocks_accordion_ie_support":"","footnotes":""},"class_list":["post-180","page","type-page","status-publish","hentry"],"_links":{"self":[{"href":"https:\/\/uqi.edu.mx\/index.php?rest_route=\/wp\/v2\/pages\/180","targetHints":{"allow":["GET"]}}],"collection":[{"href":"https:\/\/uqi.edu.mx\/index.php?rest_route=\/wp\/v2\/pages"}],"about":[{"href":"https:\/\/uqi.edu.mx\/index.php?rest_route=\/wp\/v2\/types\/page"}],"author":[{"embeddable":true,"href":"https:\/\/uqi.edu.mx\/index.php?rest_route=\/wp\/v2\/users\/1"}],"replies":[{"embeddable":true,"href":"https:\/\/uqi.edu.mx\/index.php?rest_route=%2Fwp%2Fv2%2Fcomments&post=180"}],"version-history":[{"count":17,"href":"https:\/\/uqi.edu.mx\/index.php?rest_route=\/wp\/v2\/pages\/180\/revisions"}],"predecessor-version":[{"id":1455,"href":"https:\/\/uqi.edu.mx\/index.php?rest_route=\/wp\/v2\/pages\/180\/revisions\/1455"}],"wp:attachment":[{"href":"https:\/\/uqi.edu.mx\/index.php?rest_route=%2Fwp%2Fv2%2Fmedia&parent=180"}],"curies":[{"name":"wp","href":"https:\/\/api.w.org\/{rel}","templated":true}]}}