{"id":106,"date":"2025-03-18T10:21:48","date_gmt":"2025-03-18T16:21:48","guid":{"rendered":"http:\/\/web2.uqi.edu.mx\/?page_id=106"},"modified":"2026-03-23T16:56:47","modified_gmt":"2026-03-23T16:56:47","slug":"posgrados","status":"publish","type":"page","link":"https:\/\/uqi.edu.mx\/?page_id=106","title":{"rendered":"Posgrados"},"content":{"rendered":"\n<h1 class=\"wp-block-heading\"><\/h1>\n\n\n\n<div class=\"wp-block-columns alignfull has-base-color has-custom-color-1-background-color has-text-color has-background has-link-color wp-elements-373870654c91b5319faf149028ef0ff7 is-layout-flex wp-container-core-columns-is-layout-4bd44da7 wp-block-columns-is-layout-flex\" style=\"margin-top:0;margin-bottom:0;padding-top:0;padding-right:0;padding-bottom:0;padding-left:0\">\n<div class=\"wp-block-column is-vertically-aligned-center is-layout-flow wp-block-column-is-layout-flow\" style=\"flex-basis:50%\">\n<figure class=\"wp-block-image size-full\"><img decoding=\"async\" src=\"http:\/\/uqi.edu.mx\/wp-content\/uploads\/2025\/03\/56.jpg\" alt=\"\" class=\"wp-image-504\"\/><\/figure>\n<\/div>\n\n\n\n<div class=\"wp-block-column is-vertically-aligned-center is-layout-flow wp-block-column-is-layout-flow\" style=\"padding-top:0;padding-right:0;padding-bottom:0;padding-left:0;flex-basis:50%\">\n<div class=\"wp-block-group has-global-padding is-layout-constrained wp-container-core-group-is-layout-b04b017e wp-block-group-is-layout-constrained\" style=\"padding-top:var(--wp--preset--spacing--70);padding-right:10%;padding-bottom:var(--wp--preset--spacing--70);padding-left:10%\">\n<h2 class=\"wp-block-heading has-x-large-font-size\"><strong>MAESTR\u00cdA EN DERECHO CIVIL<\/strong><\/h2>\n\n\n\n<p class=\"has-text-align-justify\">Con Reconocimiento de Validez Oficial de Estudios de la Secretar\u00eda de Educaci\u00f3n P\u00fablica seg\u00fan acuerdo.<\/p>\n\n\n\n<p class=\"has-x-small-font-size\">No. 20192772 de fecha 09 de julio de 2019<\/p>\n\n\n\n<div class=\"wp-block-buttons is-layout-flex wp-block-buttons-is-layout-flex\">\n<div class=\"wp-block-button is-style-outline is-style-outline--1\"><a class=\"wp-block-button__link has-background-color has-custom-color-2-background-color has-text-color has-background has-link-color has-border-color has-base-border-color wp-element-button\" href=\"http:\/\/uqi.edu.mx\/wp-content\/uploads\/2025\/03\/posgrados.pdf\" style=\"border-width:2px\">Informes<\/a><\/div>\n<\/div>\n<\/div>\n<\/div>\n<\/div>\n\n\n\n<div class=\"wp-block-columns alignfull has-base-color has-text-color has-background has-link-color wp-elements-b57b70b3826eff1fa8178becab6a7f1f is-layout-flex wp-container-core-columns-is-layout-4bd44da7 wp-block-columns-is-layout-flex\" style=\"background-color:#f5a711;margin-top:0;margin-bottom:0;padding-top:0;padding-right:0;padding-bottom:0;padding-left:0\">\n<div class=\"wp-block-column is-vertically-aligned-center is-layout-flow wp-block-column-is-layout-flow\" style=\"flex-basis:50%\">\n<figure class=\"wp-block-image size-full\"><img decoding=\"async\" src=\"http:\/\/uqi.edu.mx\/wp-content\/uploads\/2025\/03\/57.jpg\" alt=\"\" class=\"wp-image-505\"\/><\/figure>\n<\/div>\n\n\n\n<div class=\"wp-block-column is-vertically-aligned-center is-layout-flow wp-block-column-is-layout-flow\" style=\"padding-top:0;padding-right:0;padding-bottom:0;padding-left:0;flex-basis:50%\">\n<div class=\"wp-block-group has-global-padding is-layout-constrained wp-container-core-group-is-layout-b04b017e wp-block-group-is-layout-constrained\" style=\"padding-top:var(--wp--preset--spacing--70);padding-right:10%;padding-bottom:var(--wp--preset--spacing--70);padding-left:10%\">\n<h2 class=\"wp-block-heading has-x-large-font-size\"><strong>MAESTR\u00cdA EN DERECHO CORPORATIVO<\/strong><\/h2>\n\n\n\n<p>Con Reconocimiento de Validez Oficial de Estudios de la secretar\u00eda de Educaci\u00f3n P\u00fablica seg\u00fan acuerdo<\/p>\n\n\n\n<p class=\"has-x-small-font-size\">No. 20192917 de fecha 18 de julio de 2019<\/p>\n\n\n\n<div class=\"wp-block-buttons is-layout-flex wp-block-buttons-is-layout-flex\">\n<div class=\"wp-block-button is-style-outline is-style-outline--2\"><a class=\"wp-block-button__link has-background-color has-custom-color-1-background-color has-text-color has-background has-link-color has-border-color has-base-border-color wp-element-button\" href=\"http:\/\/uqi.edu.mx\/wp-content\/uploads\/2025\/03\/posgrados.pdf\" style=\"border-width:2px\">Informes<\/a><\/div>\n<\/div>\n<\/div>\n<\/div>\n<\/div>\n\n\n\n<div class=\"wp-block-columns alignfull has-base-color has-custom-color-1-background-color has-text-color has-background has-link-color wp-elements-6584002ae7b0a3552d31cc26991d19b0 is-layout-flex wp-container-core-columns-is-layout-4bd44da7 wp-block-columns-is-layout-flex\" style=\"margin-top:0;margin-bottom:0;padding-top:0;padding-right:0;padding-bottom:0;padding-left:0\">\n<div class=\"wp-block-column is-vertically-aligned-center is-layout-flow wp-block-column-is-layout-flow\" style=\"flex-basis:50%\">\n<figure class=\"wp-block-image size-full\"><img decoding=\"async\" src=\"http:\/\/uqi.edu.mx\/wp-content\/uploads\/2025\/03\/1-27.jpg\" alt=\"\" class=\"wp-image-506\"\/><\/figure>\n<\/div>\n\n\n\n<div class=\"wp-block-column is-vertically-aligned-center is-layout-flow wp-block-column-is-layout-flow\" style=\"padding-top:0;padding-right:0;padding-bottom:0;padding-left:0;flex-basis:50%\">\n<div class=\"wp-block-group has-global-padding is-layout-constrained wp-container-core-group-is-layout-b04b017e wp-block-group-is-layout-constrained\" style=\"padding-top:var(--wp--preset--spacing--70);padding-right:10%;padding-bottom:var(--wp--preset--spacing--70);padding-left:10%\">\n<h2 class=\"wp-block-heading has-x-large-font-size\">MAESTR\u00cdA EN DERECHO PENAL<\/h2>\n\n\n\n<p>Con Reconocimiento de Validez Oficial de Estudios de la secretar\u00eda de Educaci\u00f3n P\u00fablica seg\u00fan acuerdo.<\/p>\n\n\n\n<p class=\"has-x-small-font-size\">No. 20192771 de fecha 09 de julio de 2019<\/p>\n\n\n\n<div class=\"wp-block-buttons is-layout-flex wp-block-buttons-is-layout-flex\">\n<div class=\"wp-block-button is-style-outline is-style-outline--3\"><a class=\"wp-block-button__link has-background-color has-text-color has-background has-link-color has-border-color has-base-border-color wp-element-button\" href=\"http:\/\/uqi.edu.mx\/wp-content\/uploads\/2025\/03\/posgrados.pdf\" style=\"border-width:2px;background-color:#f5a711\">Informes<\/a><\/div>\n<\/div>\n<\/div>\n<\/div>\n<\/div>\n\n\n\n<div class=\"wp-block-columns alignfull has-base-color has-text-color has-background has-link-color wp-elements-447eedc985b98dfd3020f8c8f4933c74 is-layout-flex wp-container-core-columns-is-layout-4bd44da7 wp-block-columns-is-layout-flex\" style=\"background-color:#2c8fc0;margin-top:0;margin-bottom:0;padding-top:0;padding-right:0;padding-bottom:0;padding-left:0\">\n<div class=\"wp-block-column is-vertically-aligned-center is-layout-flow wp-block-column-is-layout-flow\" style=\"flex-basis:50%\">\n<figure class=\"wp-block-image size-full\"><img decoding=\"async\" src=\"http:\/\/uqi.edu.mx\/wp-content\/uploads\/2025\/03\/endodoncia.jpg\" alt=\"\" class=\"wp-image-213\"\/><\/figure>\n<\/div>\n\n\n\n<div class=\"wp-block-column is-vertically-aligned-center is-layout-flow wp-block-column-is-layout-flow\" style=\"padding-top:0;padding-right:0;padding-bottom:0;padding-left:0;flex-basis:50%\">\n<div class=\"wp-block-group has-global-padding is-layout-constrained wp-container-core-group-is-layout-b04b017e wp-block-group-is-layout-constrained\" style=\"padding-top:var(--wp--preset--spacing--70);padding-right:10%;padding-bottom:var(--wp--preset--spacing--70);padding-left:10%\">\n<h2 class=\"wp-block-heading has-x-large-font-size\">POSGRADO EN ODONTOLOG\u00cdA<\/h2>\n\n\n\n<p><strong>ENDODONCIA<\/strong><\/p>\n\n\n\n<p class=\"has-text-align-justify has-small-font-size\">El objetivo de la Especialidad en Endodoncia es formar un profesional en el \u00e1rea de la salud capacitado para resolver con eficiencia los problemas preventivos y terap\u00e9uticos que se plantean en el ejercicio de la Endodoncia, con firmes fundamentos \u00e9ticos, morales, filos\u00f3ficos y culturales. Con bases s\u00f3lidas cient\u00edficas, preventivas, diagnosticas y de orientaci\u00f3n terap\u00e9utica. Destrezas para resolver las diferentes situaciones cl\u00ednicas integradas de la endodoncia, y las disciplinas vinculadas con la especialidad.<\/p>\n\n\n\n<p class=\"has-small-font-size\">Seguir y contribuir la evoluci\u00f3n de la Odontolog\u00eda y la investigaci\u00f3n dentro de la misma.<\/p>\n\n\n\n<p class=\"has-x-small-font-size\">RVOE ante la SEP 963104 Agosto 30 de 1996<\/p>\n\n\n\n<div class=\"wp-block-buttons is-layout-flex wp-block-buttons-is-layout-flex\">\n<div class=\"wp-block-button is-style-outline is-style-outline--4\"><a class=\"wp-block-button__link has-background-color has-text-color has-link-color has-border-color has-base-border-color wp-element-button\" href=\"http:\/\/uqi.edu.mx\/wp-content\/uploads\/2025\/03\/posgrados.pdf\" style=\"border-width:2px\">Informes<\/a><\/div>\n<\/div>\n<\/div>\n<\/div>\n<\/div>\n\n\n\n<div class=\"wp-block-columns alignfull has-base-color has-text-color has-background has-link-color wp-elements-7af426d0ec5bed5aea557893dbb6f166 is-layout-flex wp-container-core-columns-is-layout-4bd44da7 wp-block-columns-is-layout-flex\" style=\"background-color:#1b75a2;margin-top:0;margin-bottom:0;padding-top:0;padding-right:0;padding-bottom:0;padding-left:0\">\n<div class=\"wp-block-column is-vertically-aligned-center is-layout-flow wp-block-column-is-layout-flow\" style=\"flex-basis:50%\">\n<figure class=\"wp-block-image size-full\"><img decoding=\"async\" src=\"http:\/\/uqi.edu.mx\/wp-content\/uploads\/2025\/03\/3-24.jpg\" alt=\"\" class=\"wp-image-469\"\/><\/figure>\n<\/div>\n\n\n\n<div class=\"wp-block-column is-vertically-aligned-center is-layout-flow wp-block-column-is-layout-flow\" style=\"padding-top:0;padding-right:0;padding-bottom:0;padding-left:0;flex-basis:50%\">\n<div class=\"wp-block-group has-global-padding is-layout-constrained wp-container-core-group-is-layout-b04b017e wp-block-group-is-layout-constrained\" style=\"padding-top:var(--wp--preset--spacing--70);padding-right:10%;padding-bottom:var(--wp--preset--spacing--70);padding-left:10%\">\n<h2 class=\"wp-block-heading has-x-large-font-size\">POSGRADO EN ODONTOLOG\u00cdA<\/h2>\n\n\n\n<p><strong><strong>PERIODONCIA<\/strong><\/strong><\/p>\n\n\n\n<p class=\"has-text-align-justify has-small-font-size\">La Facultad de Odontolog\u00eda, l\u00edder en educaci\u00f3n odontol\u00f3gica en el Estado de Guanajuato te ofrece estudios de Posgrado a nivel ESPECIALIZACI\u00d3N EN PERIODONCIA. Este programa est\u00e1 dirigido a los interesados en el estudio de los tejidos de soporte de los dientes \u00f3 Periodonto y de las enfermedades que lo afectan.<\/p>\n\n\n\n<p class=\"has-x-small-font-size\">RVOE ante la SEG 49\/99 mayo 13 de 1999<\/p>\n\n\n\n<p class=\"has-x-small-font-size\">C.C.T. 11PSU0078<\/p>\n\n\n\n<div class=\"wp-block-buttons is-layout-flex wp-block-buttons-is-layout-flex\">\n<div class=\"wp-block-button is-style-outline is-style-outline--5\"><a class=\"wp-block-button__link has-background-color has-text-color has-link-color has-border-color has-base-border-color wp-element-button\" href=\"http:\/\/uqi.edu.mx\/wp-content\/uploads\/2025\/03\/posgrados.pdf\" style=\"border-width:2px\">Informes<\/a><\/div>\n<\/div>\n<\/div>\n<\/div>\n<\/div>\n\n\n\n<div class=\"wp-block-columns alignfull has-base-color has-custom-color-1-background-color has-text-color has-background has-link-color wp-elements-cee43f6b1728cfa46e683cbc4fde4b80 is-layout-flex wp-container-core-columns-is-layout-4bd44da7 wp-block-columns-is-layout-flex\" style=\"margin-top:0;margin-bottom:0;padding-top:0;padding-right:0;padding-bottom:0;padding-left:0\">\n<div class=\"wp-block-column is-vertically-aligned-center is-layout-flow wp-block-column-is-layout-flow\" style=\"flex-basis:50%\">\n<figure class=\"wp-block-image size-full\"><img decoding=\"async\" src=\"http:\/\/uqi.edu.mx\/wp-content\/uploads\/2025\/03\/2-31.jpg\" alt=\"\" class=\"wp-image-507\"\/><\/figure>\n<\/div>\n\n\n\n<div class=\"wp-block-column is-vertically-aligned-center is-layout-flow wp-block-column-is-layout-flow\" style=\"padding-top:0;padding-right:0;padding-bottom:0;padding-left:0;flex-basis:50%\">\n<div class=\"wp-block-group has-global-padding is-layout-constrained wp-container-core-group-is-layout-b04b017e wp-block-group-is-layout-constrained\" style=\"padding-top:var(--wp--preset--spacing--70);padding-right:10%;padding-bottom:var(--wp--preset--spacing--70);padding-left:10%\">\n<h2 class=\"wp-block-heading has-x-large-font-size\">MAESTR\u00cdA EN ADMINISTRACI\u00d3N DE ORGANIZACIONES<\/h2>\n\n\n\n<p>Con Reconocimiento de Validez Oficial de Estudios de la Secretar\u00eda de Educaci\u00f3n P\u00fablica seg\u00fan acuerdo.<\/p>\n\n\n\n<p class=\"has-x-small-font-size\">No.20192926 de fecha 18 de julio de 2019.<\/p>\n\n\n\n<div class=\"wp-block-buttons is-layout-flex wp-block-buttons-is-layout-flex\">\n<div class=\"wp-block-button is-style-outline is-style-outline--6\"><a class=\"wp-block-button__link has-background-color has-text-color has-background has-link-color has-border-color has-base-border-color wp-element-button\" href=\"https:\/\/uqi.edu.mx\/?page_id=1182\" style=\"border-width:2px;background-color:#f5a711\">Leer m\u00e1s<\/a><\/div>\n<\/div>\n<\/div>\n<\/div>\n<\/div>\n\n\n\n<div class=\"wp-block-columns alignfull has-base-color has-text-color has-background has-link-color wp-elements-5f8052889127035d712b84f174565f2b is-layout-flex wp-container-core-columns-is-layout-4bd44da7 wp-block-columns-is-layout-flex\" style=\"background-color:#f5a711;margin-top:0;margin-bottom:0;padding-top:0;padding-right:0;padding-bottom:0;padding-left:0\">\n<div class=\"wp-block-column is-vertically-aligned-center is-layout-flow wp-block-column-is-layout-flow\" style=\"flex-basis:50%\">\n<figure class=\"wp-block-image size-full\"><img decoding=\"async\" src=\"http:\/\/uqi.edu.mx\/wp-content\/uploads\/2025\/03\/5-5.jpg\" alt=\"\" class=\"wp-image-509\"\/><\/figure>\n<\/div>\n\n\n\n<div class=\"wp-block-column is-vertically-aligned-center is-layout-flow wp-block-column-is-layout-flow\" style=\"padding-top:0;padding-right:0;padding-bottom:0;padding-left:0;flex-basis:50%\">\n<div class=\"wp-block-group has-global-padding is-layout-constrained wp-container-core-group-is-layout-b04b017e wp-block-group-is-layout-constrained\" style=\"padding-top:var(--wp--preset--spacing--70);padding-right:10%;padding-bottom:var(--wp--preset--spacing--70);padding-left:10%\">\n<h2 class=\"wp-block-heading has-x-large-font-size\">POSGRADO DISE\u00d1O DIGITAL<\/h2>\n\n\n\n<p>Con Reconocimiento de Validez Oficial de Estudios de la Secretar\u00eda de Educaci\u00f3n P\u00fablica seg\u00fan acuerdo.<\/p>\n\n\n\n<p class=\"has-x-small-font-size\">No. 20100618 de fecha 19 mayo 2010.<\/p>\n\n\n\n<div class=\"wp-block-buttons is-layout-flex wp-block-buttons-is-layout-flex\">\n<div class=\"wp-block-button is-style-outline is-style-outline--7\"><a class=\"wp-block-button__link has-background-color has-custom-color-1-background-color has-text-color has-background has-link-color has-border-color has-base-border-color wp-element-button\" style=\"border-width:2px\">Leer m\u00e1s<\/a><\/div>\n<\/div>\n<\/div>\n<\/div>\n<\/div>\n","protected":false},"excerpt":{"rendered":"<p>MAESTR\u00cdA EN DERECHO CIVIL Con Reconocimiento de Validez Oficial de Estudios de la Secretar\u00eda de Educaci\u00f3n P\u00fablica seg\u00fan acuerdo. No. 20192772 de fecha 09 de julio de 2019 MAESTR\u00cdA EN DERECHO CORPORATIVO Con Reconocimiento de Validez Oficial de Estudios de la secretar\u00eda de Educaci\u00f3n P\u00fablica seg\u00fan acuerdo No. 20192917 de fecha 18 de julio de [&hellip;]<\/p>\n","protected":false},"author":1,"featured_media":0,"parent":0,"menu_order":0,"comment_status":"closed","ping_status":"closed","template":"","meta":{"_coblocks_attr":"","_coblocks_dimensions":"","_coblocks_responsive_height":"","_coblocks_accordion_ie_support":"","footnotes":""},"class_list":["post-106","page","type-page","status-publish","hentry"],"_links":{"self":[{"href":"https:\/\/uqi.edu.mx\/index.php?rest_route=\/wp\/v2\/pages\/106","targetHints":{"allow":["GET"]}}],"collection":[{"href":"https:\/\/uqi.edu.mx\/index.php?rest_route=\/wp\/v2\/pages"}],"about":[{"href":"https:\/\/uqi.edu.mx\/index.php?rest_route=\/wp\/v2\/types\/page"}],"author":[{"embeddable":true,"href":"https:\/\/uqi.edu.mx\/index.php?rest_route=\/wp\/v2\/users\/1"}],"replies":[{"embeddable":true,"href":"https:\/\/uqi.edu.mx\/index.php?rest_route=%2Fwp%2Fv2%2Fcomments&post=106"}],"version-history":[{"count":5,"href":"https:\/\/uqi.edu.mx\/index.php?rest_route=\/wp\/v2\/pages\/106\/revisions"}],"predecessor-version":[{"id":1565,"href":"https:\/\/uqi.edu.mx\/index.php?rest_route=\/wp\/v2\/pages\/106\/revisions\/1565"}],"wp:attachment":[{"href":"https:\/\/uqi.edu.mx\/index.php?rest_route=%2Fwp%2Fv2%2Fmedia&parent=106"}],"curies":[{"name":"wp","href":"https:\/\/api.w.org\/{rel}","templated":true}]}}